 30553963?
False
Is 38736333 a multiple of 8?
False
Is 1097181280 a multiple of 40?
True
Is 900090157 a multiple of 7537?
False
Is 54 a factor of 252936162?
True
Is 3869748 a multiple of 12?
True
Is 198 a factor of 17344270?
False
Is 2231 a factor of 971970846?
True
Is 582260 a multiple of 56?
False
Is 246 a factor of 5156652?
True
Is 105453312 a multiple of 68?
True
Is 11 a factor of 457821976?
False
Is 66164916 a multiple of 176?
False
Does 110 divide 15816757?
False
Is 47 a factor of 63551478?
False
Is 3273480 a multiple of 8?
True
Is 70 a factor of 395560690?
True
Is 3952 a factor of 209278748?
False
Does 3333 divide 998180841?
False
Does 111 divide 32718471?
True
Is 123126728 a multiple of 184?
True
Is 302 a factor of 3295526?
False
Does 4 divide 405134012?
True
Does 963 divide 1044611361?
True
Does 523 divide 3749021966?
False
Is 5674279394 a multiple of 14?
True
Is 12 a factor of 20021148?
True
Does 328 divide 3321106600?
True
Does 87 divide 132853176?
True
Does 51 divide 431349290?
False
Is 3165177 a multiple of 3?
True
Is 3136 a factor of 101641664?
False
Is 3508196 a multiple of 5?
False
Does 13 divide 290824638?
True
Is 1749 a factor of 78409931?
False
Does 4 divide 5613880?
True
Is 2471 a factor of 2498629928?
False
Does 382 divide 69621767?
False
Is 143 a factor of 1518532587?
True
Does 4070 divide 181336336?
False
Is 3840 a factor of 1216723200?
True
Is 43 a factor of 76770085?
False
Does 257 divide 115668504?
True
Is 357 a factor of 32150706?
True
Does 1172 divide 1555570988?
True
Is 398118 a multiple of 2?
True
Is 7 a factor of 2730069?
False
Is 732 a factor of 885779292?
True
Is 15546542 a multiple of 163?
False
Is 1820640058 a multiple of 6324?
False
Is 36 a factor of 89297212?
False
Is 400697454 a multiple of 1361?
True
Is 17 a factor of 11172213?
True
Does 495 divide 70919640?
True
Is 2312 a factor of 403510598?
False
Is 2015 a factor of 12442625?
True
Does 1383 divide 3090000903?
False
Is 3 a factor of 2080116?
True
Is 6 a factor of 335050050?
True
Does 107 divide 1580218693?
True
Does 34 divide 2250953102?
True
Is 225 a factor of 46064717?
False
Is 15 a factor of 396951450?
True
Is 80 a factor of 50349?
False
Does 734 divide 3746313246?
True
Is 4 a factor of 13274385?
False
Does 124 divide 130881923?
False
Is 10 a factor of 381145610?
True
Is 1048053891 a multiple of 3?
True
Is 4 a factor of 693543360?
True
Is 199 a factor of 10672328?
False
Is 3 a factor of 7426001?
False
Does 2125 divide 83774747?
False
Does 72 divide 1822464?
True
Is 10927907 a multiple of 10?
False
Is 43 a factor of 478251698?
False
Does 1536 divide 18482028?
False
Is 2107585740 a multiple of 156?
True
Is 79948652 a multiple of 564?
False
Is 472 a factor of 244147574?
False
Is 41 a factor of 186069603?
True
Is 105 a factor of 2191283300?
False
Does 268 divide 2002920?
False
Is 48 a factor of 283072257?
False
Does 379 divide 1916319755?
False
Does 1490 divide 326320430?
True
Is 466018880 a multiple of 1270?
True
Is 2707175931 a multiple of 14891?
False
Is 716 a factor of 16131224?
False
Is 7583103 a multiple of 11?
True
Is 761 a factor of 21461722?
True
Is 173 a factor of 107100460?
False
Does 10 divide 667073308?
False
Is 461308260 a multiple of 84?
True
Does 130 divide 1139419190?
True
Does 1522 divide 3423379808?
True
Is 1926811869 a multiple of 361?
True
Is 282 a factor of 60576538?
False
Does 6793 divide 1016598259?
False
Is 41479432 a multiple of 76?
True
Is 5736 a factor of 2206513008?
True
Is 20455588 a multiple of 12?
False
Is 8 a factor of 14274776?
True
Is 5194311 a multiple of 39?
False
Is 536 a factor of 54285328?
False
Does 27 divide 316938744?
True
Is 349541024 a multiple of 133?
True
Is 7 a factor of 6652634?
False
Is 621 a factor of 1087931142?
True
Is 12 a factor of 187575780?
True
Is 1839480974 a multiple of 6?
False
Is 635 a factor of 456247465?
False
Is 18850533 a multiple of 537?
False
Is 132889092 a multiple of 21?
True
Is 2937 a factor of 180945633?
True
Is 1372121876 a multiple of 2965?
False
Does 23 divide 336581655?
True
Is 241804074 a multiple of 206?
False
Does 40 divide 1445039120?
True
Is 366224033 a multiple of 9?
False
Is 8716323 a multiple of 11?
True
Is 2335360592 a multiple of 10576?
True
Is 387236148 a multiple of 896?
False
Is 17624373 a multiple of 1858?
False
Does 123 divide 7181051?
False
Does 714 divide 38587916?
False
Is 5374 a factor of 5229520010?
True
Is 2789128 a multiple of 151?
False
Does 3526 divide 2004795156?
False
Is 425465130 a multiple of 15?
True
Does 545 divide 561153800?
True
Is 296798992 a multiple of 841?
True
Is 24 a factor of 26548536?
True
Is 35 a factor of 77615338?
False
Does 6 divide 167801333?
False
Does 196 divide 4008200?
True
Does 283 divide 33987442?
False
Is 28402250 a multiple of 103?
True
Is 88 a factor of 173355981?
False
Is 15 a factor of 180519315?
True
Is 2390057076 a multiple of 110?
False
Does 77 divide 42375487?
True
Does 129 divide 765035532?
True
Is 1508 a factor of 135593328?
True
Is 680 a factor of 45766040?
True
Is 13 a factor of 1020162143?
True
Is 91 a factor of 1820707514?
False
Is 22 a factor of 22979301?
False
Is 1284697844 a multiple of 63?
False
Is 331999668 a multiple of 1638?
True
Is 1969810948 a multiple of 523?
False
Is 166460021 a multiple of 521?
True
Is 12 a factor of 4828599?
False
Is 649628429 a multiple of 152?
False
Is 14425600 a multiple of 1472?
True
Does 371 divide 109552961?
True
Is 456 a factor of 198345864?
True
Is 1371404688 a multiple of 2700?
False
Is 252012384 a multiple of 234?
True
Is 13024476 a multiple of 324?
True
Is 1180 a factor of 420975620?
True
Is 6893203629 a multiple of 150?
False
Does 1945 divide 26557030?
True
Does 53 divide 1158688569?
False
Does 3100 divide 1937565100?
True
Is 1946014387 a multiple of 4444?
False
Is 38 a factor of 1042551606?
False
Is 89 a factor of 16417642?
False
Is 465502530 a multiple of 5510?
False
Is 145 a factor of 205213425?
True
Is 1459 a factor of 105811962?
False
Is 1296 a factor of 183172752?
True
Is 5212436011 a multiple of 17?
True
Does 128 divide 997716219?
False
Is 28 a factor of 158469438?
False
Is 225 a factor of 1774557788?
False
Does 74 divide 5646422?
True
Is 13184290 a multiple of 71?
False
Is 23 a factor of 442087198?
False
Is 695 a factor of 2208268?
False
Does 26 divide 48937642?
True
Is 1138068612 a multiple of 18?
True
Does 650 divide 107880500?
True
Does 145 divide 922633985?
True
Is 153041181 a multiple of 28?
False
Is 6728308 a multiple of 286?
False
Is 3644043 a multiple of 6?
False
Is 442149286 a multiple of 46?
True
Does 46 divide 109066966?
True
Is 8119985 a multiple of 9?
False
Is 260366106 a multiple of 147?
True
Is 2752514 a multiple of 634?
False
Does 433 divide 25565619?
True
Is 150 a factor of 21401400?
True
Is 70 a factor of 1396464230?
True
Is 2894779 a multiple of 107?
False
Does 182 divide 124286039?
False
Does 60 divide 15411467?
False
Is 44345617 a multiple of 1654?
False
Does 495 divide 1323678510?
True
Is 53228467 a multiple of 435?
False
Is 573 a factor of 195118560?
False
Is 623707008 a multiple of 12?
True
Is 1560 a factor of 672519120?
True
Is 30788912 a multiple of 112?
True
Is 343 a factor of 46021682?
True
Does 28 divide 9989336?
True
Is 450 a factor of 110583085?
False
Does 163 divide 76710408?
True
Is 216047958 a multiple of 3?
True
Is 22 a factor of 304150?
True
Is 24 a factor of 49251984?
True
Is 8038486 a multiple of 634?
True
Does 342 divide 3475009089?
False
Does 43 divide 2424985?
True
Is 112780584 a multiple of 2142?
True
Does 38 divide 444700408?
False
Is 1318 a factor of 79829942?
True
Is 1004061497 a multiple of 112?
False
Does 537 divide 1748630074?
False
Is 8 a factor of 34360152?
True
Does 114 divide 26002629?
False
Does 84 divide 518891940?
True
Does 35 divide 41754029?
False
Does 25 divide 25728648?
False
Is 11373066 a multiple of 4?
False
Does 15 divide 186432022?
False
Does 60 divide 3603364185?
False
Does 39 divide 36623691?
True
Is 110 a factor of 134281620?
True
Does 56 divide 658558152?
True
Is 1823022722 a multiple of 146?
True
Is 17 a factor of 88645501?
False
Is 4015 a factor of 535838581?
False
Is 38095262 a multiple of 161?
False
Is 10511712 a multiple of 34?
True
Does 39 divide 2047352775?
True
Is 11001578 a multiple of 